e remainder when 4943404 is divided by 1018?
1014
Calculate the remainder when 71603670 is divided by 3575.
3570
Calculate the remainder when 124985 is divided by 243.
83
What is the remainder when 6803352 is divided by 4863?
15
Calculate the remainder when 248778490 is divided by 248778481.
9
What is the remainder when 8285214 is divided by 6253?
6242
Calculate the remainder when 1650998 is divided by 58964.
6
What is the remainder when 48136871 is divided by 25783?
10
What is the remainder when 20135727 is divided by 615?
12
What is the remainder when 191505814 is divided by 214?
210
Calculate the remainder when 1334254 is divided by 190502.
740
What is the remainder when 320570 is divided by 1134?
782
What is the remainder when 713255919 is divided by 6344?
6343
Calculate the remainder when 48558 is divided by 9083.
3143
What is the remainder when 86985128 is divided by 430?
428
Calculate the remainder when 1453796 is divided by 1845.
1781
Calculate the remainder when 5866126 is divided by 1101.
1099
Calculate the remainder when 159454875 is divided by 46.
15
What is the remainder when 1277561 is divided by 2724?
5
Calculate the remainder when 14993 is divided by 2911.
438
Calculate the remainder when 65012 is divided by 13835.
9672
Calculate the remainder when 3227892 is divided by 1613919.
54
What is the remainder when 414267 is divided by 58439?
5194
Calculate the remainder when 7247272 is divided by 174.
172
Calculate the remainder when 33025655 is divided by 49.
47
What is the remainder when 5032291 is divided by 57842?
37
What is the remainder when 348995 is divided by 348052?
943
What is the remainder when 41310224 is divided by 13770068?
20
What is the remainder when 2477387 is divided by 1348?
1111
What is the remainder when 1330562 is divided by 1151?
6
What is the remainder when 49990607 is divided by 13?
4
Calculate the remainder when 1246270 is divided by 9891.
4
Calculate the remainder when 2288 is divided by 378.
20
Calculate the remainder when 34293474 is divided by 40.
34
What is the remainder when 223576 is divided by 9309?
160
What is the remainder when 8791510 is divided by 12?
10
Calculate the remainder when 5524822 is divided by 15178.
30
What is the remainder when 4878998 is divided by 94?
22
Calculate the remainder when 1527428 is divided by 4255.
4138
Calculate the remainder when 613150 is divided by 1917.
1627
What is the remainder when 28040600 is divided by 7695?
20
What is the remainder when 6341577 is divided by 404?
393
Calculate the remainder when 58749 is divided by 21240.
16269
Calculate the remainder when 16932 is divided by 4147.
344
What is the remainder when 3729647 is divided by 2331?
47
Calculate the remainder when 8297807 is divided by 754345.
12
Calculate the remainder when 83795080 is divided by 577897.
15
What is the remainder when 22016 is divided by 4157?
1231
Calculate the remainder when 18746025 is divided by 294.
291
What is the remainder when 1401683 is divided by 349?
99
Calculate the remainder when 1885744 is divided by 1609.
1605
Calculate the remainder when 190864 is divided by 190855.
9
What is the remainder when 54175 is divided by 16622?
4309
What is the remainder when 270250 is divided by 9500?
4250
What is the remainder when 168588 is divided by 56155?
123
Calculate the remainder when 138675 is divided by 2096.
339
Calculate the remainder when 61264 is divided by 251.
20
Calculate the remainder when 66868213 is divided by 62.
35
What is the remainder when 2244669 is divided by 6761?
17
What is the remainder when 1459028 is divided by 7444?
4
Calculate the remainder when 2019623 is divided by 367.
22
Calculate the remainder when 216859 is divided by 43359.
64
Calculate the remainder when 111256 is divided by 699.
115
What is the remainder when 17286108 is divided by 8643040?
28
Calculate the remainder when 4703335 is divided by 783886.
19
Calculate the remainder when 715884 is divided by 2226.
1338
Calculate the remainder when 518454 is divided by 3220.
34
Calculate the remainder when 391982 is divided by 14.
10
Calculate the remainder when 5132101 is divided by 5131929.
172
Calculate the remainder when 84988 is divided by 44.
24
Calculate the remainder when 99222498 is divided by 325.
323
Calculate the remainder when 34205528 is divided by 532.
56
Calculate the remainder when 316448 is divided by 12146.
652
Calculate the remainder when 1595040 is divided by 475.
465
Calculate the remainder when 4387974 is divided by 1379.
1375
Calculate the remainder when 8710472 is divided by 1244349.
29
What is the remainder when 10737112 is divided by 7572?
16
Calculate the remainder when 398829 is divided by 99291.
1665
What is the remainder when 14473070 is divided by 904565?
30
Calculate the remainder when 154453 is divided by 2241.
2065
What is the remainder when 135582 is divided by 15019?
411
Calculate the remainder when 116477716 is divided by 2377096.
12
Calculate the remainder when 1763102 is divided by 1597.
14
What is the remainder when 2754870 is divided by 688696?
86
What is the remainder when 1108726 is divided by 73823?
1381
Calculate the remainder when 174906 is divided by 1410.
66
Calculate the remainder when 301669492 is divided by 401.
400
Calculate the remainder when 6898562 is divided by 655.
102
Calculate the remainder when 33761908 is divided by 6.
4
What is the remainder when 97876079 is divided by 15?
14
Calculate the remainder when 22065910 is divided by 108.
106
Calculate the remainder when 425823 is divided by 70931.
237
What is the remainder when 381077 is divided by 301?
11
Calculate the remainder when 46825 is divided by 2816.
1769
Calculate the remainder when 96289120 is divided by 246.
46
Calculate the remainder when 208216607 is divided by 10.
7
What is the remainder when 1963517 is divided by 10610?
667
Calculate the remainder when 2072964 is divided by 2528.
4
Calculate the remainder when 241582 is divided by 120743.
96
Calculate the remainder when 345250007 is divided by 14.
11
Calculate the remainder when 5723173 is divided by 1095.
703
Calculate the remainder when 6643410 is divided by 1657.
497
Calculate the remainder when 917744807 is divided by 10.
7
What is the remainder when 521681 is divided by 520939?
742
Calculate the remainder when 382964997 is divided by 5275.
5272
Calculate the remainder when 7996 is divided by 577.
495
What is the remainder when 62881 is divided by 62046?
835
Calculate the remainder when 6096943 is divided by 209.
204
Calculate the remainder when 22809946 is divided by 42.
40
Calculate the remainder when 79550 is divided by 356.
162
What is the remainder when 12370797 is divided by 2474157?
12
Calculate the remainder when 36279904 is divided by 39.
37
Calculate the remainder when 23042924 is divided by 324.
44
Calculate the remainder when 387516 is divided by 193650.
216
What is the remainder when 5012579 is divided by 5012564?
15
What is the remainder when 2220763 is divided by 6363?
76
What is the remainder when 18837240 is divided by 2719?
8
What is the remainder when 133612 is divided by 4934?
394
Calculate the remainder when 2201096 is divided by 2385.
2126
What is the remainder when 726020 is divided by 241971?
107
What is the remainder when 52150459 is divided by 9?
4
What is the remainder when 17436843 is divided by 40?
3
Calculate the remainder when 2020487 is divided by 508.
171
What is the remainder when 369734 is divided by 92317?
466
What is the remainder when 195370 is divided by 39?
19
What is the remainder when 2359247 is divided by 159?
5
What is the remainder when 10653390 is divided by 4415?
4410
Calculate the remainder when 317985 is divided by 317748.
237
What is the remainder when 409083 is divided by 1236?
1203
Calculate the remainder when 2607270 is divided by 322.
36
What is the remainder when 84512 is divided by 347?
191
Calculate the remainder when 1379062 is divided by 5821.
5306
Calculate the remainder when 338564 is divided by 62.
44
What is the remainder when 2921876 is divided by 305?
281
What is the remainder when 3353786 is divided by 1676776?
234
Calculate the remainder when 44202 is divided by 157.
85
Calculate the remainder when 9942 is divided by 9693.
249
What is the remainder when 9994